+ 163 = c*g. Is g a composite number?
True
Suppose 3*j = -74 + 5. Let l = j + 34. Is (l - 7)*83/4 a composite number?
False
Suppose 2*b - 2*i - 38 = 0, -i = -0*b + 2*b - 47. Suppose 0 = w + y - 4, 4*y = -3*w - 6 + b. Suppose -3*n = -w*n - 111. Is n composite?
False
Let l be (-6)/(-21) - (-648)/(-63). Let m = l + 61. Is m a composite number?
True
Suppose p - 568 = -5*h, -2*p = 3*p + 5*h - 2760. Suppose -4*q - p = -1524. Let a = q - 135. Is a prime?
True
Let l = -1493 + 12022. Is l composite?
False
Let q(d) = 8*d**3 - 14*d**2 + 21*d + 15. Let w(u) = -4*u**3 + 7*u**2 - 11*u - 8. Let o(f) = 3*q(f) + 5*w(f). Let j be o(-7). Let g = -807 - j. Is g prime?
False
Let i = 533 + 24. Is i a prime number?
True
Let u = -751 - -1604. Is u prime?
True
Let h(c) = 111*c**2 - 11 - 6 - 8*c + 6. Is h(-2) composite?
False
Let j(i) = i**2 + 61*i + 0*i**2 + 8 - 62*i. Let f be j(0). Suppose 1015 = -3*x + f*x. Is x a prime number?
False
Suppose -u + 329 = 2*i, -38*u + 3*i = -39*u + 328. Is u a composite number?
False
Let g = 2398 + -1037. Is g prime?
True
Let o = 3880 - 193. Suppose 3*i + i - o = -u, 2*i + 4*u - 1854 = 0. Is i composite?
True
Let l be 2 - 2/3*-3. Suppose -862 - 94 = -l*h. Is h a prime number?
True
Is (4/(-18))/(310/(-25510365)) a prime number?
True
Suppose 5*h = -2*u + 21829, 6*h - u = 4*h + 8737. Is h a composite number?
True
Is (-60)/10 - (-1 + -874) a composite number?
True
Let r = 15 + -11. Suppose r*v + 4*z + 1240 = 0, -5*z = -0*v + v + 294. Is (v/(-8))/((-4)/(-16)) composite?
False
Let r be (0 + (-5091)/(-6))*2. Suppose -2*s + r = o, 1 + 3 = 2*s. Is o composite?
False
Suppose -3 = -3*z, -6*z = 5*d - 9*z - 192922. Is d composite?
True
Let r(f) = -29*f**2 + 21*f + 6. Let y be r(-7). Let b = -381 - y. Is b prime?
True
Let a be (-108)/(-14) + (-26)/(-91). Let q = a + 153. Is q a composite number?
True
Let z = 2621 - 1534. Is z a prime number?
True
Let s = -17 + 119. Let p = 229 - s. Is p a prime number?
True
Suppose -g + 4*g = -36. Let t be (988 - 1) + g/3. Suppose 0 = -5*i + 4*z + t, 0*z + 992 = 5*i - z. Is i a prime number?
True
Let j(z) = -z**3 + 21*z**2 + 22*z. Let q be j(22). Suppose q = -0*n + 9*n - 9279. Is n a composite number?
False
Suppose 4*y = 1071 + 2429. Suppose 6*p = 355 + y. Is p a prime number?
False
Suppose 0 = -5*v + 4*m + 5679 + 14250, m = -2*v + 7982. Is v prime?
True
Let b = 35 + -43. Let f(q) = -204*q + 5. Is f(b) composite?
False
Let o(d) = -1163*d - 38. Let j(v) = 582*v + 19. Let q(w) = 13*j(w) + 6*o(w). Is q(5) composite?
True
Let m be (6/9)/(2/15). Let b = -36 + m. Is (-3)/(0 - -3)*b a composite number?
False
Suppose -2*h - 47 = -f + 68, 2*h - 6 = 0. Suppose -2*u - 655 = -2*j - f, 3*u + 12 = 0. Is j a prime number?
True
Let l be (1 + -1)*(-11)/(-22). Suppose l*h = 8*h - 1480. Is h prime?
False
Let o(t) = -9*t**3 - 9*t**2 - 14*t - 35. Is o(-6) a prime number?
True
Let n(u) = 6947*u**2 + 124*u - 251. Is n(2) a composite number?
True
Suppose 252 = 14*y - 140. Suppose -13268 = 24*f - y*f. Is f prime?
False
Suppose 0 = 4*f - 2*d - 0*d + 214, 260 = -5*f - 5*d. Let g = f - 24. Let o = g - -288. Is o a composite number?
False
Let s(q) be the second derivative of -q**4/12 - 38*q**3/3 - 16*q**2 + 22*q. Is s(-23) composite?
False
Suppose 48 = 3*a - 5*k, -6*a + 2*k + 64 = -2*a. Suppose 3*v - 40 = -2*v - c, 3*v - c - a = 0. Is 182/(-6)*(-21)/v a prime number?
False
Let c = -17106 + 24605. Is c a composite number?
False
Let c be (-47)/(-15) + (-22)/165. Suppose 3*i - 45 = 2*i + c*d, 2*i - 100 = d. Suppose -9 = -4*p + i. Is p a prime number?
False
Let z = -3315 + 8392. Is z a composite number?
False
Suppose 213 = 2*h + 2*h - 3*i, h - 2*i - 57 = 0. Suppose 5*m + o = h + 1987, 4*m = -2*o + 1634. Is m prime?
False
Suppose -l - 2*d = -2821, 5*d - 14090 = -5*l - 0*d. Is l composite?
True
Let n be -1 + 3 + -2 + 3. Suppose y = -n*y + 9580. Suppose y = 5*t - 0*t. Is t a composite number?
False
Suppose -189*k + 187*k = -13004. Is k composite?
True
Suppose 0 = 13*a - 59308 + 16915. Is a prime?
False
Suppose 2*a + 111 = -l, 0 = -4*l - a - 318 - 105. Let h = l - -422. Is h a prime number?
True
Suppose 5*w = 5*q - 14525, q - 9*w - 2895 = -13*w. Is q a composite number?
False
Let w be (4 - (-3 - -3)) + 85. Suppose -2*b = -b - w. Is b prime?
True
Let x = 207747 - 122636. Is x a prime number?
False
Suppose -2*c + 6538 = 4*h - 1528, 4*h - 8096 = 4*c. Is h composite?
True
Suppose -3*d + n + 2043 = 0, 0 = -d - d - 3*n + 1351. Suppose -y - 385 = -0*y. Let u = d + y. Is u composite?
True
Let t(m) = -m**2 + 3*m - 2. Let x be t(-4). Let c = 31 - x. Let z = 130 - c. Is z composite?
True
Let y be 4 - (-2)/2*-1. Suppose 0 = y*p - 15, 5*h = 3*p + 2556 - 146. Is h a prime number?
False
Suppose -2*s = -3*w - 5*s + 30, 4*w = 4*s + 8. Let y(p) = 7*p**2 - 6*p + 3. Let o(v) = 6*v**2 - 6*v + 4. Let g(u) = 4*o(u) - 3*y(u). Is g(w) prime?
True
Let f(c) = -c**3 - 5*c**2 + 3*c + 9. Let y be f(-6). Suppose -p = -2*w + y + 11, -4*p + 3*w - 167 = 0. Let o = p + 91. Is o prime?
True
Suppose 5*i + 29 = -4*q - 0, 0 = q - 2*i - 9. Is -4 + q + 5 + 2429 a prime number?
False
Let m(y) = 1377*y - 32. Is m(3) a prime number?
True
Is (3 + 4)/(3/6387) prime?
False
Suppose -2*m - 2*m = -396. Let n = 176 - m. Is n prime?
False
Suppose -3*c = -2*y - 8459, -4*y = -3*c - 0*y + 8461. Is c a composite number?
False
Let l(h) = -56*h + 50*h - 6 - 13*h**2 - 7*h**2. Let d be l(-5). Is 7/(-35) - d/5 a prime number?
False
Suppose 0 = -3*z + z - 2*v + 534, 3*v = 12. Is z a composite number?
False
Let a(l) = -3 + 3 + 9*l + 2. Let w be a(-2). Let p = -10 - w. Is p prime?
False
Let t be -3 + 2 - 1/(-1). Suppose 3*c + 4*a = 21407, -5*a = c - t*a - 7143. Is c a prime number?
False
Let p = -3 + 6. Let q = -163 - -802. Is q/12 + p/(-12) a composite number?
False
Let w be (-77)/4 + (-5)/(-20). Let v = -7 - w. Is 2*3/(v/22) a composite number?
False
Suppose 2*w + 13*j = 17*j + 12122, j + 24216 = 4*w. Is w a composite number?
False
Suppose -2200 = -10*p + 15*p. Is -3 + 3/((-3)/p) composite?
True
Is 404547/55 - 2*(-1)/(-5) a prime number?
False
Let k(h) = -h**3 + 5*h**2 - 3*h - 4. Let s be k(4). Suppose -3*y + 2*y + 679 = s. Is y composite?
True
Is 74*(1309/14 + 3) prime?
False
Let i be -10*-2*3/12. Suppose 948 = -i*y + 6103. Is y a prime number?
True
Let g = 18074 - 6877. Is g a prime number?
True
Let a be 93 - -1 - (0 + -1). Let r be 0 - (2 - 2) - a. Let g = 222 - r. Is g composite?
False
Let l(p) = -p**2 + 6*p - 4. Let z be l(4). Suppose 0 = -z*q - 3*i + i - 44, 4*i = 0. Let w(b) = -b**3 - 9*b**2 + 15*b + 12. Is w(q) composite?
False
Let x be (-64)/30 - (-22)/165. Let r(y) = 14*y**3 - y**2 + 2*y - 5. Let f(n) = 14*n**3 - n**2 + 3*n - 6. Let h(q) = 4*f(q) - 5*r(q). Is h(x) composite?
False
Let t(v) = v**2 - 3*v - 1. Let o be t(4). Suppose -3*s - 1 = 2*x + 2, -o*x - s - 15 = 0. Is x/(-15) + (-7465)/(-25) a prime number?
False
Suppose 0 = -8*j - 3202 + 24074. Is j a composite number?
False
Let u be 2/(-4)*(1 + 13). Let n be (-8)/28 + (-37)/u. Suppose 4*w = 5*p + 144 + 91, 3*w - 170 = n*p. Is w composite?
True
Suppose -q + 4*c = 8, q - c = -0*c - 2. Is 2 + q + 582 + -1 prime?
False
Let p be 14*((-36)/(-28) + -1). Is (p - 0) + (-210)/(-6) a prime number?
False
Suppose -99*p + 80*p + 698611 = 0. Is p a composite number?
True
Suppose -2*z - 5*p + 44861 = 0, 5*z + 2*p - p - 112164 = 0. Is z a prime number?
True
Suppose -2*y + 3074 = 2*a - 2024, 0 = -2*a - 3*y + 5096. Is a composite?
False
Let k(p) = 790*p + 7. Let q be k(-1). Is (-5 + q/(-6))/((-2)/(-28)) a prime number?
False
Let m(p) = -1757*p + 2. Suppose 0 = 2*t + 6 - 4. Is m(t) a prime number?
True
Let s = 998 + -227. Suppose -2*k - s = -5*k. Is k prime?
True
Is 9/6*31972/(-6)*-1 a prime number?
True
Let d = -319 + 510. Is d prime?
True
Let k = 89 + -83. Suppose k*z = 2678 + 592. Is z prime?
False
Suppose 188*f = 190*f - 6. Suppose w - 380 = -m, 0 = -w + 6 - f. Is m a prime number?
False
Let t(x) = -x**3 + 8*x**2 - 14*x + 1. Let d be t(10). Let l = -190 - d. Is l a prime number?
True
Let m(s) = -6*s + 9 - 7*s**2 + 4*s - 3*s + 3*s. Let z be m(-4). Is (z/(-4))/((-11)/(-44)) a prime number?
False
Let j(q) = -q**3 + q**2 - 3*q - 2. Let b be j(-2). Suppose -4*h - 2*r + b = 0, -5*r + r = -3*h - 10. Suppose -h*a + 5*a = 1077. Is a a prime number?
True
Let z(d) = -d 